What is the greatest common factor of 30471 and 21?
21
What is the highest common factor of 97 and 873?
97
Calculate the greatest common factor of 5710 and 10.
10
Calculate the greatest common divisor of 16 and 40.
8
What is the highest common factor of 1 and 163?
1
Calculate the greatest common divisor of 352 and 198.
22
Calculate the highest common divisor of 24 and 1048.
8
Calculate the highest common factor of 104 and 24.
8
Calculate the greatest common divisor of 268 and 8.
4
Calculate the highest common factor of 1935 and 45.
45
Calculate the highest common divisor of 112 and 42.
14
Calculate the greatest common divisor of 182 and 130.
26
What is the greatest common divisor of 112 and 18704?
112
What is the highest common divisor of 747 and 1909?
83
What is the highest common factor of 120 and 10?
10
Calculate the highest common factor of 7255 and 10.
5
Calculate the greatest common factor of 704 and 22.
22
What is the greatest common factor of 1020 and 17085?
255
Calculate the highest common factor of 2074 and 3538.
122
Calculate the greatest common divisor of 142 and 1207.
71
Calculate the greatest common divisor of 52 and 806.
26
Calculate the greatest common factor of 114 and 152.
38
Calculate the greatest common divisor of 555 and 135.
15
Calculate the greatest common divisor of 3 and 234.
3
What is the greatest common divisor of 658 and 28?
14
What is the greatest common divisor of 80 and 90?
10
What is the highest common divisor of 4 and 150?
2
What is the highest common factor of 590 and 360?
10
What is the highest common divisor of 27 and 846?
9
Calculate the greatest common factor of 1375 and 440.
55
Calculate the highest common divisor of 7840 and 3640.
280
What is the greatest common factor of 2308 and 4?
4
What is the greatest common factor of 4 and 3508?
4
What is the greatest common factor of 88 and 32?
8
Calculate the highest common divisor of 810 and 30.
30
What is the highest common divisor of 546 and 52?
26
What is the highest common divisor of 247 and 104?
13
What is the highest common factor of 21 and 5138?
7
What is the highest common divisor of 12 and 40?
4
Calculate the highest common factor of 215 and 8256.
43
Calculate the greatest common factor of 12767 and 34.
17
Calculate the highest common divisor of 32 and 1096.
8
Calculate the greatest common factor of 112 and 16.
16
Calculate the highest common divisor of 43 and 860.
43
Calculate the greatest common factor of 180 and 1545.
15
What is the greatest common divisor of 42 and 112?
14
Calculate the greatest common divisor of 40 and 10.
10
What is the highest common divisor of 336 and 252?
84
What is the highest common divisor of 218 and 23762?
218
What is the highest common factor of 94 and 4042?
94
What is the greatest common divisor of 382 and 18145?
191
What is the greatest common divisor of 12 and 1470?
6
What is the highest common factor of 35 and 560?
35
What is the highest common factor of 72159 and 201?
201
Calculate the highest common factor of 52 and 39.
13
What is the highest common factor of 9653 and 49?
49
Calculate the highest common divisor of 16 and 44.
4
What is the highest common divisor of 891 and 18?
9
Calculate the greatest common factor of 394 and 2.
2
Calculate the greatest common divisor of 3281 and 51.
17
Calculate the greatest common factor of 175 and 225.
25
Calculate the highest common factor of 210 and 9030.
210
What is the highest common divisor of 11 and 6589?
11
Calculate the highest common divisor of 323 and 76.
19
Calculate the highest common factor of 36 and 3048.
12
What is the greatest common factor of 154 and 2758?
14
Calculate the greatest common divisor of 728 and 448.
56
Calculate the highest common divisor of 56 and 350.
14
Calculate the greatest common divisor of 28 and 400.
4
What is the greatest common divisor of 30 and 150?
30
Calculate the highest common divisor of 99 and 1166.
11
Calculate the greatest common divisor of 2682 and 36.
18
Calculate the highest common factor of 102 and 204.
102
Calculate the highest common divisor of 6 and 2.
2
Calculate the highest common factor of 1 and 25.
1
What is the greatest common factor of 328 and 56?
8
What is the greatest common factor of 192 and 128?
64
Calculate the greatest common factor of 960 and 6432.
96
What is the highest common factor of 252 and 1701?
63
What is the greatest common divisor of 18 and 12816?
18
Calculate the greatest common factor of 1 and 35.
1
What is the highest common factor of 75 and 10525?
25
What is the highest common factor of 245 and 630?
35
Calculate the greatest common divisor of 74 and 259.
37
Calculate the highest common factor of 12 and 64.
4
What is the highest common divisor of 35 and 14?
7
What is the greatest common factor of 54 and 22?
2
Calculate the greatest common divisor of 135 and 81.
27
Calculate the highest common divisor of 2794 and 11.
11
Calculate the greatest common divisor of 8 and 15944.
8
Calculate the greatest common factor of 15690 and 180.
30
What is the greatest common factor of 6369 and 66?
33
What is the greatest common divisor of 92 and 1127?
23
What is the greatest common divisor of 22158 and 18?
18
Calculate the highest common factor of 258 and 1247.
43
Calculate the highest common divisor of 364 and 35.
7
What is the highest common divisor of 82 and 1107?
41
What is the greatest common divisor of 459 and 408?
51
Calculate the highest common divisor of 16644 and 1140.
228
What is the highest common factor of 897 and 20033?
299
Calculate the greatest common divisor of 196 and 441.
49
Calculate the greatest common factor of 217 and 31.
31
Calculate the greatest common divisor of 4320 and 135.
135
Calculate the highest common divisor of 63 and 4431.
21
What is the greatest common factor of 91 and 208?
13
What is the highest common factor of 324 and 864?
108
Calculate the greatest common divisor of 57 and 361.
19
What is the greatest common divisor of 29 and 667?
29
What is the highest common divisor of 290 and 590?
10
What is the greatest common factor of 63 and 1233?
9
Calculate the greatest common divisor of 20 and 2410.
10
Calculate the highest common divisor of 18 and 207.
9
What is the highest common divisor of 225 and 135?
45
Calculate the greatest common factor of 589 and 31.
31
Calculate the highest common factor of 1398 and 15.
3
Calculate the greatest common factor of 41 and 1.
1
Calculate the highest common factor of 475 and 1273.
19
What is the greatest common divisor of 237 and 395?
79
What is the highest common divisor of 87 and 928?
29
Calculate the highest common divisor of 200 and 625.
25
Calculate the highest common factor of 187 and 583.
11
What is the greatest common factor of 39 and 91?
13
What is the highest common factor of 35 and 224?
7
Calculate the highest common divisor of 117 and 3.
3
Calculate the greatest common factor of 700 and 11725.
175
Calculate the highest common divisor of 176 and 38896.
176
Calculate the greatest common divisor of 1067 and 97.
97
Calculate the highest common divisor of 217 and 527.
31
What is the greatest common divisor of 2135 and 25?
5
Calculate the greatest common factor of 36 and 414.
18
Calculate the highest common factor of 104 and 8.
8
Calculate the highest common divisor of 41301 and 26.
13
What is the highest common divisor of 17 and 24837?
17
What is the greatest common factor of 11 and 1969?
11
Calculate the greatest common divisor of 1080 and 24.
24
What is the greatest common factor of 6 and 6?
6
What is the greatest common divisor of 6 and 1250?
2
What is the greatest common divisor of 2211 and 603?
201
What is the highest common factor of 5125 and 1000?
125
What is the greatest common divisor of 48 and 224?
16
Calculate the highest common divisor of 4439 and 207.
23
Calculate the highest common divisor of 616 and 1771.
77
Calculate the highest common factor of 97 and 13.
1
What is the highest common factor of 36603 and 147?
147
Calculate the highest common factor of 42 and 42.
42
What is the greatest common divisor of 465 and 15?
15
What is the highest common divisor of 62 and 86?
2
Calculate the highest common factor of 310 and 660.
10
Calculate the greatest common factor of 19 and 323.
19
Calculate the highest common factor of 28 and 44